 Suppose -9*t = 2*t - x. Suppose -t*y - 358 = -2*r, -y + 696 = 4*r - 2*y. List the prime factors of r.
173
Let t(y) = -4*y + 8. Let a be t(0). Suppose 0 = a*s + 1491 - 611. Let f = s - -201. What are the prime factors of f?
7, 13
Suppose 2*h - 7*h + 2*x + 11 = 0, x + 4 = 2*h. Let z(y) = -9*y**3 + 4*y**2 - 2*y - 2. Let r be z(h). List the prime factors of -1 - (0 + r/5).
2, 3, 7
Let f(i) = 6 - 34*i + 14*i - 16*i + 34. What are the prime factors of f(-26)?
2, 61
Suppose -382526 = 100*l - 298328 - 1110598. What are the prime factors of l?
2, 1283
Let b(p) = -p + 1784. What are the prime factors of b(-59)?
19, 97
Let f(t) = 5*t - 32. Let d be f(6). Let g be (d/(-4))/((-4)/(-776)). Let m = 156 - g. What are the prime factors of m?
59
Suppose -174*b + 196980 + 3386802 = 32*b. List the prime factors of b.
3, 1933
Let l be 5*(-7 + 8)*(-87)/(-5). Let s = -80 + l. List the prime factors of (8/(-14))/(-2) + 243/s.
5, 7
Let k(b) = 911*b + 329. What are the prime factors of k(24)?
22193
Suppose -2430 = -i + 960. Suppose -5*s + 2*q = -i, 0 = -6*q + q + 25. List the prime factors of s.
2, 5, 17
Let x(g) = -g**3 + 4*g**2 + g + 2. Let q be x(5). Let i be ((-60)/(-16))/5 + (-34)/(-8). What are the prime factors of 8*i/(-90)*q/4?
2
What are the prime factors of (1/(-2))/(236/(-25909496))?
17, 3229
Suppose -z - 15 + 11 = 0. What are the prime factors of 76 - (-6 - -2)/z?
3, 5
Suppose 2*k + 4*g + 3244 = 4*k, g + 1 = 0. Suppose 0 = 2*v - k + 228. What are the prime factors of v?
2, 3, 29
Let r(p) = -p**3 + 40*p**2 - 32*p + 80. What are the prime factors of r(33)?
17, 23
Let b = -14 + 9. Let k(q) be the second derivative of -q**5/10 - q**4/2 + q**3/3 + 3*q**2 - 174*q. What are the prime factors of k(b)?
2, 3
Let j(b) = 5*b**3 - 6*b**2 - 2 + 22 + b - 17*b - 3*b**3. What are the prime factors of j(9)?
2, 53
Let y = -14092 - -24098. What are the prime factors of y?
2, 5003
Let k(b) = -4*b + 74. Let x = 202 + -185. What are the prime factors of k(x)?
2, 3
What are the prime factors of 4642 + 87 + -3*21/(-9)?
2, 37
Let o = 1158 + 916. What are the prime factors of o?
2, 17, 61
Suppose 20 = -4*x, -34 = -4*u + x + x. What are the prime factors of -8*282/9*u/(-4)?
2, 47
Suppose -563*t + 119750 = -438*t. List the prime factors of t.
2, 479
Let d be (-34)/221 - (-1)/(52/131984). What are the prime factors of (-20)/(-6*6/d)?
2, 3, 5, 47
Let z(r) = -101*r. Let v be z(3). Suppose -320 - 92 = 2*m. Let y = m - v. What are the prime factors of y?
97
Suppose -5*l + 18802 = 2*q - 22854, 5*l = -4*q + 41662. What are the prime factors of l?
2, 5, 7, 17
Suppose 189254 = 4*v - 3*i, 2*v - 47*i - 94642 = -43*i. List the prime factors of v.
47309
What are the prime factors of 3/(-4) - ((-6)/32 + (-172985208)/2944)?
2, 3, 7, 1399
Let n be (5/2 - 3)/((-2)/(-96)). Let u be -5*((-16)/n)/((-1)/(-18)). Let b = -31 - u. List the prime factors of b.
29
Suppose 17*s - 30242 - 19087 = 3779. What are the prime factors of s?
2, 11, 71
Let b(q) = 134*q**2 - 57*q + 3. Let v be b(-4). Suppose v + 1433 = 8*k. List the prime factors of k.
2, 7, 17
Suppose -3*l = 5*t - 57579, -4*l + 50*t = 47*t - 76743. List the prime factors of l.
2, 3, 13, 41
Let b(l) be the second derivative of -265*l**3/3 - 2*l**2 + 33*l + 2. What are the prime factors of b(-2)?
2, 3, 11
Let f be (4780/(-50))/(2 - 36/20). Let j = 1118 + f. What are the prime factors of j?
2, 5
Let r(d) = 3*d**3 - 22*d**2 - 33*d + 162. What are the prime factors of r(16)?
2, 5, 17, 37
Let s(a) = -16*a + 4. Let r(y) = -2*y**3 - 14*y**2 - 4. Let p be ((-1)/(-3) + 4/6)*-7. Let c be r(p). What are the prime factors of s(c)?
2, 17
Let a = 35 - -94. Suppose 0 = 3*q + a - 450. What are the prime factors of q?
107
Suppose -2*d + 2530 = v + 809, -5*v + 2599 = 3*d. List the prime factors of d.
2, 3, 11, 13
Let g = 714 - 391. Suppose 0 = -b + g + 86. List the prime factors of b.
409
Suppose -2*x + 5*w = -6579, 3*w - 1020 + 7609 = 2*x. What are the prime factors of 189/(-28) + 7 - x/(-8)?
7, 59
List the prime factors of 1/(-11) - ((-146855)/55 + -6).
2, 3, 223
Let l(w) = -w**2 - w + 2. Let b be -1*(2 - 0) + 1 + 2. Let h be l(b). Suppose 4*j = -3*n + 224, h = -5*n - 5*j + 212 + 163. List the prime factors of n.
2, 19
Suppose 35 = 2*u + 11. Suppose 20*a = u*a + 2088. List the prime factors of a.
3, 29
Let l(q) = 1849*q**2 - 81*q - 4. List the prime factors of l(-3).
2, 5, 211
Suppose 19 - 3 = 4*f - 2*x, 5*f - 25 = 5*x. Suppose -f*j - 7298 = -5*o, -6*o + 2914 = -4*o + 4*j. List the prime factors of o.
1459
Suppose 5*g + 283 + 1472 = 5*o, 2*o - 718 = -2*g. Let v = o + -117. List the prime factors of v.
2, 7, 17
Let g be ((-2)/4)/((-14)/56). Suppose b - 344 = 3*k, g*k - 78 + 421 = b. List the prime factors of b.
11, 31
Let l(s) = -11*s**3 - s + 1. Let o = 196 + -198. What are the prime factors of l(o)?
7, 13
Let o be 3 - (3 - 0)*1. Suppose o = 3*x + c + 3*c - 202, -x - 2*c + 66 = 0. Suppose b - 28 - x = 0. List the prime factors of b.
2, 7
Let b(q) = 3111*q**2 - 13*q - 14. Let f be b(-1). Let z = f - 1530. What are the prime factors of z?
2, 5, 79
Suppose 2*a - 2*x - 67620 = 43834, 3*a = -3*x + 167223. List the prime factors of a.
2, 3, 7, 1327
Let i = 94 - 92. Suppose -3*d + 3*t - 51 = 0, -d - 100 = 4*d - i*t. Let c(z) = z**2 + 22*z + 49. List the prime factors of c(d).
7
Let o(g) = 8448*g - 3727. List the prime factors of o(6).
151, 311
Let c(g) = g**2 + 10*g + 14. Let t be c(-8). Let a be (-16)/((-62)/32 - t). Let s = -175 - a. What are the prime factors of s?
3
Let j = -7033 - -10018. List the prime factors of j.
3, 5, 199
Let x = 58655 + -39064. List the prime factors of x.
11, 13, 137
Suppose -4*z - 251 = -3*a, -2*z - 337 = -4*a + z. Let d = a + -25. What are the prime factors of d?
2, 3, 5
Let d(v) = -v + 16. Let g be d(-16). Suppose -l = 3*u - 24, -3*l + 0*l - u = -g. List the prime factors of l.
3
Suppose 21*c - l = 24*c - 11319, c - 5*l = 3773. List the prime factors of c.
7, 11
Let o = 974 + -64. List the prime factors of o.
2, 5, 7, 13
Let h(l) = -6*l + 35. Let b be h(4). Let x = -38 - -58. Suppose -d - 12 - b = 5*m, 0 = 4*m + x. List the prime factors of d.
2
Let g = 271 + -269. Suppose w + 268 = g*w. What are the prime factors of w?
2, 67
Suppose 11*k + 23*k - 68 = 0. List the prime factors of k*-2 - (-1393 + 21).
2, 3, 19
Let t(y) = -2*y**2 + 68 - 85 + 0*y**2 - 22*y + y**2. What are the prime factors of t(-20)?
23
Suppose 74 = 3*u - 2917. Let n = u - 538. What are the prime factors of n?
3, 17
Let t(s) be the first derivative of 3*s**4/4 + 6*s**2 - 9*s + 9. List the prime factors of t(5).
2, 3, 71
Suppose 20 = 5*j, 6 + 6 = k + 3*j. Suppose g = -k*g + 2. Suppose 0*l = 4*i - g*l - 72, 3*l = -4*i + 82. List the prime factors of i.
19
Let d be 5 + ((-10)/1 - -7). Suppose -5*x = d*t - 1619, -2*x - 1168 = -t - 345. What are the prime factors of t?
19, 43
List the prime factors of ((-1024218)/(-273))/(3/21).
2, 3, 1459
List the prime factors of 11323 + -1 + 1/(5 + (-21)/4).
2, 5659
Let k(a) = -a + 110. Let w be k(36). Suppose -w*h + 81*h = 2107. List the prime factors of h.
7, 43
Let t(c) = -85*c + 1353. List the prime factors of t(-57).
2, 3, 1033
Suppose -228 = -11*s + 509. Suppose 2*y - s = 47. Let h = y + 150. List the prime factors of h.
3, 23
Suppose -4*u + 2188 = -4*o, -u - 2*u + 1645 = -o. Let w = 947 - u. What are the prime factors of w?
2, 199
Suppose 11*k + 75 + 24 = 0. Let w(o) = 7*o**2 - 9*o + 14. Let r(n) = n**3 + n**2 + n - 1. Let x(s) = r(s) + w(s). List the prime factors of x(k).
2
Suppose 4*f - 3*w - 23 = -f, 5*f - 27 = 2*w. Suppose -15*k + 2752 = -f*k. List the prime factors of k.
2, 43
Let g = -124 + 127. Suppose -g*j = 3*u - 1071, -2*u + 704 = -0*u + 4*j. List the prime factors of u.
2, 181
Suppose 5*j + 16137 = -6038. Let t be j/(-3) - 22/(-33). What are the prime factors of (2/3)/(34/t)?
29
Suppose -2*k = 2*g + 4, -k = -0*g - 4*g - 28. Let d(n) be the second derivative of -23*n**3/6 - 13*n**2/2 - 190*n. What are the prime factors of d(g)?
5
Let p be -677 + -2*7/(42/9). Let y be (p/15)/(-8) - 1/(-3). What are the prime factors of (10 - -127)/((y/2)/3)?
137
What are the prime factors of ((-30)/3)/((-83)/26394) - 2?
2, 7, 227
Suppose -25529 - 8404 - 6223 = -4*f. List the prime factors of f.
10039
List the prime factors of (-3153)/(-9*5/75)